 of g**4/6 - 25*g**3/6 + 11*g**2/2 - 124*g. Calculate the remainder when 33 is divided by p(13).
9
Let l be (-12)/(-5)*(241/(-2) + 3). Let y = l - -326. Calculate the remainder when 136 is divided by y.
4
Let p be (-44)/(-11)*(-5)/4. Let u be 1*p/10*-10. Suppose 0 = -2*f - u*f + 21. Calculate the remainder when f is divided by 2.
1
Let c be (1 - 5/4) + 186/(-24). Suppose 190 = 3*r - 4*k, -3*k + 5*k = 10. Calculate the remainder when r is divided by 12*(-4)/c*(1 + 2).
16
Let t = 222 + -200. Suppose -t*m + 160 = -18*m. Suppose -6*y + 70 = -y. Calculate the remainder when m is divided by y.
12
Let w be (-3 + 29)*2/(-4). Let u = -10 - w. Suppose 41 = 3*y - 4*g + 13, -u*y - 3*g = -42. Calculate the remainder when 30 is divided by y.
6
Suppose 2*g + 6 + 114 = 4*u, -162 = -4*u - 5*g. What is the remainder when 2312 is divided by u?
2
Let i = 9161 + -8779. What is the remainder when i is divided by 43?
38
Let n = -17 - -32. Let b(j) = -3*j + 27. Let f(g) = -4*g + 27. Let q(w) = 3*b(w) - 2*f(w). What is the remainder when 59 is divided by q(n)?
11
Suppose -57 = 6*q - 177. Let n = q + -18. What is the remainder when 25 is divided by n?
1
Let g = -1523 + 1530. Calculate the remainder when 2540 is divided by g.
6
Let l = -179 + 176. What is the remainder when (276/(-28) + l)*(-29 + 1) is divided by 33?
30
Suppose -3*b + j + 17 = -91, -3*b = -5*j - 120. Suppose -3*v + g + 48 = 0, -394*v = -392*v - 5*g + 7. Calculate the remainder when b is divided by v.
16
Let u be (-6)/(-4)*(-3)/(18/(-4)). Calculate the remainder when 441/72*u + 2/(-16) is divided by 4.
2
Suppose 0 = -149*h + 154*h + 2*u - 19521, 4*h = 2*u + 15606. What is the remainder when h is divided by 14?
11
Suppose -z - 3*w = -147, 225 = 2*z - 3*w - 60. Calculate the remainder when 984 is divided by z.
120
Let l be ((-8)/10)/((-1)/(20/8)). Let r be 2 - (2 - 3) - (l + -14). What is the remainder when 2 + r/(-9) + 8/3 is divided by 1?
0
Let m = -47 - -87. What is the remainder when 52/5*100/m is divided by 17?
9
What is the remainder when 207 is divided by (-6 - 388)*((-14)/63)/(12/27)?
10
Let b = 53 - 56. Let l = 12 + 6. Calculate the remainder when l is divided by (-14)/(-2)*(0 - b/7).
0
Let f = -23885 - -24313. Calculate the remainder when f is divided by 27.
23
Suppose -257 = a - 302. Suppose 3*b = -4*m + 649, b - 317 = -2*m - 2*b. Let f = m - -103. What is the remainder when f is divided by a?
44
Suppose 3*b = -5*n + 835, -9*n = -7*n + 3*b - 343. Suppose 0 = -4*m - 0 + n. Calculate the remainder when 76 is divided by m.
35
Suppose -232 = -4*x - 3*d, 5*d + 102 + 40 = 2*x. Calculate the remainder when 11/(286/(-39))*-120 is divided by x.
58
Suppose -2*t + 51 = -0*t + 5*m, -m = -t + 8. Suppose 0 = -t*x + 10*x - 3. Let l = x + 14. What is the remainder when 58 is divided by l?
6
Let r = 246 - 145. Let q = 23125 + -23099. Calculate the remainder when r is divided by q.
23
Calculate the remainder when 1983 is divided by (38/4 - 7)*(-18)/5 + 126.
111
Let m(b) = -b**2 + 35*b + 62. Let d be m(36). Let p = 8 + d. What is the remainder when p is divided by 12?
10
Let v(c) = 245*c**2 - 35*c + 28. Calculate the remainder when 3767 is divided by v(2).
15
Let j(h) = 7*h + 13. Suppose 6*l - 5*d - 3 = 7*l, 0 = -4*l - d - 31. Let m be j(l). Let y = -3 - m. Calculate the remainder when y is divided by 7.
5
Suppose 0 = c - w - 52, 0*w = -5*c + w + 248. Suppose -c = -7*q - 0*q. What is the remainder when 30 is divided by q?
2
Suppose -8*i - 2*o = -6*i - 80, -200 = -5*i + 3*o. What is the remainder when 1597 is divided by i?
37
Let i(s) = -100*s - 33. Let v(c) = c - 2. Let p(r) = -i(r) + 6*v(r). What is the remainder when p(3) is divided by 10?
9
What is the remainder when 208 is divided by 56*((-456)/84 - 11/(44/(-24)))?
16
Let l = 957 + -551. Suppose -2163 + 963 - 5608 = -184*d. Calculate the remainder when l is divided by d.
36
What is the remainder when (254 + -252)*((-4)/2 + (-372)/(-2)) is divided by 5?
3
Let i(f) = 1020*f - 7136. What is the remainder when 4701 is divided by i(7)?
1
Suppose -3*b + 15 = -2*j + 40, 5*b - 75 = -5*j. Let l(o) = o**3 - 11*o**2 - 33*o + 5. Calculate the remainder when l(j) is divided by 12.
11
Suppose 854*s - 855*s - 14569 = -3*r, s - 24287 = -5*r. Calculate the remainder when r is divided by 36.
33
Suppose 0*j + 3*j - 2*q = -12, -5*q = -j + 9. What is the remainder when 114 - (1*j)/(6/(-4)) is divided by 19?
15
Let p = -42 + 944. Suppose 0 = -12*g - 10*g + p. What is the remainder when g is divided by 23?
18
Suppose 3308*r - 20 = 3304*r + 96. Calculate the remainder when 121 is divided by r.
5
Let j = -727 - -790. Suppose -4*w = -3*t - 3*w + 125, -4*t = -4*w - 156. Suppose 3*y - t = 56. Calculate the remainder when j is divided by y.
30
Let d(w) = w**2 + 13*w + 37. Let u be d(-10). Suppose -u*b + 11*b = 64. Let o(p) = 9*p - 4. Calculate the remainder when o(7) is divided by b.
11
Let c be (-1 - (-663)/9)/(2/6). Let p = -214 + c. What is the remainder when 88 is divided by p?
0
Suppose 3*x - 2*x - 4 = 2*v, 4*x - 5*v = 31. Let d = x + -15. Let l(m) = -17*m**3 - 3*m - 3. What is the remainder when 49 is divided by l(d)?
15
Let h = -47 + 67. Let v(f) = 3*f + 29. Let a = -26 - -56. What is the remainder when v(a) is divided by h?
19
Let l = 625 + -86. Suppose 0 = 4*r - l + 175. Calculate the remainder when r + (20/5 - 0) is divided by 33.
29
Let i(b) = 2*b**2 + 68*b + 39. Let c be i(-29). Let l = c + 292. Calculate the remainder when 50 is divided by l.
9
Let j(b) = -b**3 + 5*b**2 - 2*b - 5. Let z be (4/(-3))/((-3)/(-18)*-2). Let m be j(z). Suppose 0 = m*u - u - 200. What is the remainder when u is divided by 17?
15
Suppose -57*r + 707892 = -18*r + 149451. What is the remainder when r is divided by 10?
9
Let i = -16 - -19. Suppose -34 = -i*r + r. Calculate the remainder when 3 + 3/(0 - -3)*45 is divided by r.
14
Suppose 4*t + 3*y = -0*t + 18, -2*y = -4*t + 8. Suppose 0 = -5*s + t*s - 2. Calculate the remainder when 39 is divided by -2*(s - (-2 + (3 - -2))).
7
Let x(g) be the second derivative of g**4/6 + 39*g**2/2 - 2*g + 6. What is the remainder when x(6) is divided by 26?
7
Let h = -144 + 328. Calculate the remainder when h*((-28)/(-8) + -4)/(-1) is divided by 44.
4
Let o(f) = 2*f**2 + f + 29. Let x(g) = -8*g**2 - 4*g - 115. Let u(w) = 9*o(w) + 2*x(w). What is the remainder when u(8) is divided by 13?
11
Let r = 366 - 368. Calculate the remainder when 76 is divided by r/(-8) + 1072/64.
8
Suppose -15 = -0*n + 3*n, -n + 7111 = 12*o. Calculate the remainder when o is divided by 95.
23
Suppose 2*i - 2*l - 358 = 0, 4*l = 5*i + 9*l - 865. Suppose 0 = 178*p - i*p - 18. Calculate the remainder when 52 is divided by p.
7
Let r be (-510)/(-9)*(-6)/(-5). Suppose -r - 32 = -b. Suppose -5*j + b = -45. What is the remainder when 57 is divided by j?
28
Suppose -81*h + 380 + 3107 = 247. Suppose 0 = 2*g - g + 2*u - 11, -5*g + u + 44 = 0. Calculate the remainder when h is divided by g.
4
Suppose -9 = -3*y - w, y - 5*y = 4*w - 4. Let i be (8/(-14))/((-1)/14). Calculate the remainder when (-1)/3*(-12)/i*38 is divided by y.
3
Let o be 285/9 + 1 + 6/(-9). Suppose 0 = -2*s - 5*f + 34, o = s + s + 4*f. What is the remainder when 244/3 - 6/18 is divided by s?
9
Calculate the remainder when 942 is divided by (-811)/(-7) - ((-672)/(-147))/(-32).
14
Let c be 6/(-1)*(6 - (-1 + 6)). Let l be 1 + (3 - -1)*c/8. Let y(h) = 3*h**2 - h - 5. What is the remainder when y(l) is divided by 2?
1
Suppose 0*a = -3*a + 4*s + 79, 4*a + 4*s = 152. What is the remainder when 158 is divided by a?
26
Suppose 19 = -36*f + 19. Suppose -2*b + f*b = l - 76, 5*b + 4*l = 193. Let j = 21 + -8. What is the remainder when b is divided by j?
11
What is the remainder when 6*(-313)/33*-44 is divided by 29?
10
Suppose -3*x + 1934 = -p - p, 1290 = 2*x - p. Calculate the remainder when x is divided by 18.
16
Suppose 0 = -3*h + 5*d + 390, -2*h + 76*d - 71*d = -265. What is the remainder when h is divided by 8?
5
Let g(v) = 41*v**2 + v. Let u = -10 + 16. Let k be 7/14 - u/4. What is the remainder when g(k) is divided by 15?
10
What is the remainder when 171/7*24/(-36)*9737/(-107) is divided by 45?
42
Suppose -81*q + 82*q + 6 = 0, -18172 = -m + 5*q. Calculate the remainder when m is divided by 324.
322
What is the remainder when (-1 - 60033/(-1